{"id":60,"date":"2023-02-13T22:23:20","date_gmt":"2023-02-13T21:23:20","guid":{"rendered":"https:\/\/optimizmuskhe.hu\/?page_id=60"},"modified":"2025-07-03T14:22:57","modified_gmt":"2025-07-03T12:22:57","slug":"koszonto","status":"publish","type":"page","link":"https:\/\/optimizmuskhe.hu\/","title":{"rendered":"K\u00f6sz\u00f6nt\u0151"},"content":{"rendered":"\n<p>Az \u201eOptimizmus\u201d Somogy Megyei Oktat\u00e1si, K\u00f6rnyezetv\u00e9delmi, Ifj\u00fas\u00e1gi K\u00f6zhaszn\u00fa Egyes\u00fcletnek 19 tagja van. Legf\u0151bb szerve a k\u00f6zgy\u0171l\u00e9s, mely a strat\u00e9giai k\u00e9rd\u00e9sekben d\u00f6nt. Az operat\u00edv feladatok ell\u00e1t\u00e1s\u00e1t a 3 tag\u00fa eln\u00f6ks\u00e9g v\u00e9gzi. Az egyes\u00fclet sz\u00e1mviteli tev\u00e9kenys\u00e9g\u00e9nek vizsg\u00e1lat\u00e1t a 3 tag\u00fa ellen\u0151rz\u0151 bizotts\u00e1g l\u00e1tja el. Az egyes\u00fclet fel\u00e9p\u00edt\u00e9se m\u00e9lyebben nem struktur\u00e1lt. Az egyes\u00fclet tev\u00e9kenys\u00e9g\u00e9t a tagokon k\u00edv\u00fcl sz\u00e1mos \u00f6nk\u00e9ntes is seg\u00edti. Akt\u00edv tagjaink nagy r\u00e9sze \u00e9s egyes \u00f6nk\u00e9nteseink a Kaposv\u00e1ri Egyetemen szerte\u00e1gaz\u00f3 tudom\u00e1nyter\u00fcleteken oktatnak, illetve kutatnak, \u00edgy a legfrissebb ismeretanyaggal tudj\u00e1k seg\u00edteni az egyes\u00fclet munk\u00e1j\u00e1t. Az Optimizmus KHE nagyon j\u00f3 egy\u00fcttm\u0171k\u00f6d\u00e9st alak\u00edtott ki Somogy Megy\u00e9ben tev\u00e9kenyked\u0151 civil szervezetekkel. Az egyes\u00fclet a m\u0171k\u00f6d\u00e9shez sz\u00fcks\u00e9ges p\u00e9nz\u00fcgyi forr\u00e1sok megteremt\u00e9se, valamint az aktu\u00e1lis c\u00e9lkit\u0171z\u00e9sek el\u00e9r\u00e9se \u00e9rdek\u00e9ben akt\u00edv p\u00e1ly\u00e1zati tev\u00e9kenys\u00e9get folytat.<\/p>\n","protected":false},"excerpt":{"rendered":"<p>Az \u201eOptimizmus\u201d Somogy Megyei Oktat\u00e1si, K\u00f6rnyezetv\u00e9delmi, Ifj\u00fas\u00e1gi K\u00f6zhaszn\u00fa Egyes\u00fcletnek 19 tagja van. Legf\u0151bb szerve a k\u00f6zgy\u0171l\u00e9s, mely a strat\u00e9giai k\u00e9rd\u00e9sekben d\u00f6nt. Az operat\u00edv feladatok ell\u00e1t\u00e1s\u00e1t &hellip;<\/p>\n","protected":false},"author":1,"featured_media":98,"parent":0,"menu_order":0,"comment_status":"closed","ping_status":"closed","template":"","meta":{"footnotes":""},"class_list":["post-60","page","type-page","status-publish","has-post-thumbnail","hentry"],"_links":{"self":[{"href":"https:\/\/optimizmuskhe.hu\/index.php?rest_route=\/wp\/v2\/pages\/60","targetHints":{"allow":["GET"]}}],"collection":[{"href":"https:\/\/optimizmuskhe.hu\/index.php?rest_route=\/wp\/v2\/pages"}],"about":[{"href":"https:\/\/optimizmuskhe.hu\/index.php?rest_route=\/wp\/v2\/types\/page"}],"author":[{"embeddable":true,"href":"https:\/\/optimizmuskhe.hu\/index.php?rest_route=\/wp\/v2\/users\/1"}],"replies":[{"embeddable":true,"href":"https:\/\/optimizmuskhe.hu\/index.php?rest_route=%2Fwp%2Fv2%2Fcomments&post=60"}],"version-history":[{"count":5,"href":"https:\/\/optimizmuskhe.hu\/index.php?rest_route=\/wp\/v2\/pages\/60\/revisions"}],"predecessor-version":[{"id":67,"href":"https:\/\/optimizmuskhe.hu\/index.php?rest_route=\/wp\/v2\/pages\/60\/revisions\/67"}],"wp:featuredmedia":[{"embeddable":true,"href":"https:\/\/optimizmuskhe.hu\/index.php?rest_route=\/wp\/v2\/media\/98"}],"wp:attachment":[{"href":"https:\/\/optimizmuskhe.hu\/index.php?rest_route=%2Fwp%2Fv2%2Fmedia&parent=60"}],"curies":[{"name":"wp","href":"https:\/\/api.w.org\/{rel}","templated":true}]}}